divided by 32.
27
Calculate the remainder when 361864 is divided by 2641.
47
What is the remainder when 41273 is divided by 4585?
8
Calculate the remainder when 1202 is divided by 58.
42
What is the remainder when 3048 is divided by 1523?
2
Calculate the remainder when 34424 is divided by 3773.
467
What is the remainder when 209 is divided by 115?
94
Calculate the remainder when 8152 is divided by 347.
171
Calculate the remainder when 14239 is divided by 3541.
75
Calculate the remainder when 395161 is divided by 848.
841
Calculate the remainder when 19023 is divided by 29.
28
Calculate the remainder when 15586 is divided by 131.
128
What is the remainder when 15982 is divided by 3194?
12
Calculate the remainder when 27671 is divided by 137.
134
What is the remainder when 23856 is divided by 7948?
12
Calculate the remainder when 39453 is divided by 23.
8
What is the remainder when 53324 is divided by 14?
12
What is the remainder when 20851 is divided by 34?
9
Calculate the remainder when 3263 is divided by 193.
175
Calculate the remainder when 6200 is divided by 115.
105
Calculate the remainder when 22155 is divided by 29.
28
What is the remainder when 71535 is divided by 490?
485
What is the remainder when 1652472 is divided by 571?
569
Calculate the remainder when 53319 is divided by 741.
708
What is the remainder when 39161 is divided by 208?
57
Calculate the remainder when 3577 is divided by 325.
2
Calculate the remainder when 13647 is divided by 182.
179
What is the remainder when 969 is divided by 120?
9
Calculate the remainder when 11122 is divided by 1577.
83
What is the remainder when 844049 is divided by 425?
424
What is the remainder when 47789 is divided by 167?
27
What is the remainder when 1615 is divided by 247?
133
Calculate the remainder when 30261 is divided by 190.
51
What is the remainder when 2175 is divided by 537?
27
What is the remainder when 951078 is divided by 130?
128
What is the remainder when 28501 is divided by 269?
256
What is the remainder when 2133 is divided by 302?
19
Calculate the remainder when 2435 is divided by 591.
71
What is the remainder when 3441 is divided by 572?
9
Calculate the remainder when 25006 is divided by 3532.
282
Calculate the remainder when 20357 is divided by 377.
376
What is the remainder when 7152 is divided by 520?
392
Calculate the remainder when 150066 is divided by 18755.
26
Calculate the remainder when 4315 is divided by 32.
27
Calculate the remainder when 2652 is divided by 53.
2
What is the remainder when 52104 is divided by 51868?
236
What is the remainder when 2070 is divided by 462?
222
What is the remainder when 4273792 is divided by 321?
319
What is the remainder when 9207 is divided by 322?
191
What is the remainder when 2056 is divided by 97?
19
Calculate the remainder when 4187 is divided by 840.
827
Calculate the remainder when 2299 is divided by 294.
241
What is the remainder when 993183 is divided by 496588?
7
Calculate the remainder when 146802 is divided by 248.
234
Calculate the remainder when 121656 is divided by 125.
31
Calculate the remainder when 114691 is divided by 1.
0
Calculate the remainder when 171315 is divided by 13177.
14
Calculate the remainder when 29310 is divided by 32.
30
Calculate the remainder when 749 is divided by 247.
8
What is the remainder when 8231 is divided by 253?
135
What is the remainder when 14472 is divided by 104?
16
Calculate the remainder when 863530 is divided by 29.
26
Calculate the remainder when 59973 is divided by 145.
88
Calculate the remainder when 89175 is divided by 12737.
16
Calculate the remainder when 10930 is divided by 60.
10
What is the remainder when 725 is divided by 82?
69
Calculate the remainder when 259661 is divided by 94.
33
Calculate the remainder when 464077 is divided by 94.
93
Calculate the remainder when 25841 is divided by 336.
305
Calculate the remainder when 53219 is divided by 204.
179
What is the remainder when 98089 is divided by 24521?
5
What is the remainder when 34271 is divided by 176?
127
Calculate the remainder when 159343 is divided by 22.
19
Calculate the remainder when 7198 is divided by 87.
64
Calculate the remainder when 655621 is divided by 34.
33
What is the remainder when 423267 is divided by 183?
171
Calculate the remainder when 11987 is divided by 1412.
691
Calculate the remainder when 8865 is divided by 8788.
77
Calculate the remainder when 19995 is divided by 103.
13
Calculate the remainder when 164298 is divided by 62.
60
Calculate the remainder when 3031 is divided by 304.
295
What is the remainder when 140473 is divided by 70232?
9
Calculate the remainder when 2868 is divided by 747.
627
Calculate the remainder when 96551 is divided by 239.
234
What is the remainder when 9801 is divided by 4879?
43
What is the remainder when 946374 is divided by 646?
630
What is the remainder when 18929 is divided by 321?
311
What is the remainder when 247044 is divided by 61?
55
Calculate the remainder when 11245 is divided by 161.
136
What is the remainder when 50583 is divided by 1803?
99
Calculate the remainder when 269358 is divided by 13.
11
What is the remainder when 5765 is divided by 101?
8
What is the remainder when 19216 is divided by 1587?
172
What is the remainder when 617 is divided by 580?
37
What is the remainder when 1929 is divided by 833?
263
What is the remainder when 8202 is divided by 2727?
21
What is the remainder when 86036 is divided by 24?
20
Calculate the remainder when 5591 is divided by 151.
4
Calculate the remainder when 8716 is divided by 2178.
4
What is the remainder when 4257 is divided by 1646?
965
Calculate the remainder when 49714 is divided by 20.
14
Calculate the remainder when 129319 is divided by 64633.
53
What is the remainder when 6036 is divided by 659?
105
What is the remainder when 3220 is divided by 370?
260
Calculate the remainder when 16915 is divided by 11.
8
Calculate the remainder when 462 is divided by 223.
16
What is the remainder when 4695 is divided by 199?
118
Calculate the remainder when 25489 is divided by 3638.
23
What is the remainder when 437230 is divided by 859?
858
Calculate the remainder when 2127 is divided by 549.
480
Calculate the remainder when 25287 is divided by 209.
207
What is the remainder when 37023 is divided by 93?
9
Calculate the remainder when 10259 is divided by 646.
569
Calculate the remainder when 11459 is divided by 2289.
14
Calculate the remainder when 6338 is divided by 2797.
744
What is the remainder when 9703877 is divided by 61?
58
What is the remainder when 18700 is divided by 105?
10
What is the remainder when 955 is divided by 46?
35
What is the remainder when 18581 is divided by 630?
311
Calculate the remainder when 66238 is divided by 22.
18
What is the remainder when 72554 is divided by 620?
14
What is the remainder when 113259 is divided by 25?
9
Calculate the remainder when 8001 is divided by 2612.
165
Calculate the remainder when 42835 is divided by 8538.
145
Calculate the remainder when 250930 is divided by 204.
10
Calculate the remainder when 2271 is divided by 20.
11
What is the remainder when 175040 is divided by 81?
80
Calculate the remainder when 59539 is divided by 9.
4
Calculate the remainder when 23306 is divided by 4622.
196
Calculate the remainder when 1556 is divided by 174.
164
What is the remainder when 5582 is divided by 268?
222
Calculate the remainder when 4276 is divided by 162.
64
Calculate the remainder when 223761 is divided by 186.
3
What is the remainder when 13123 is divided by 2623?
8
Calculate the remainder when 107847 is divided by 1498.
1489
Calculate the remainder when 3733 is divided by 1715.
303
What is the remainder when 13529 is divided by 2?
1
What is the remainder when 15131 is divided by 1513?
1
Calculate the remainder when 29368 is divided by 221.
196
Calculate the remainder when 5485 is divided by 61.
56
Calculate the remainder when 26524 is divided by 320.
284
What is the remainder when 8256 is divided by 4122?
12
Calculate the remainder when 9528 is divided by 596.
588
What is the remainder when 22055 is divided by 137?
135
Calculate the remainder when 5476 is divided by 1069.
131
Calculate the remainder when 299590 is divided by 919.
915
Calculate the r